**3/6 + 9*u**2/2 - u. Calculate the remainder when 17 is divided by o(d).
5
Let f(s) = -3*s**2 - 95*s - 31. Calculate the remainder when f(-7) is divided by 26.
19
Suppose 20 + 154 = 2*b + 2*g, -4*b = -5*g - 348. Suppose 2*o - 75 = b. Let x = 40 + -22. Calculate the remainder when o is divided by x.
9
Let c(l) = 13*l - 3. What is the remainder when ((-262)/(-8) - 32) + 1/((-12)/(-1335)) is divided by c(5)?
50
What is the remainder when (-2 - 7/(-4)) + -9204*(-8)/128 is divided by 112?
15
Let d = 147 + -70. Suppose -31*f + 35*f - 340 = 0. Suppose -12*i + f = -107. What is the remainder when d is divided by i?
13
Let m be (4 - 1)*(0 + -17). Let d be (11 - 3 - 6)/((-3)/(-90)). Let n = d + m. What is the remainder when 17 is divided by n?
8
Calculate the remainder when 486 is divided by (1436/(-3231) + 1010/18)*(2 - -1).
152
Let r(t) = t**3 + 8*t**2 + 4*t. Suppose x - 203 = -41. Suppose -2*h = -4*h + x. What is the remainder when h is divided by r(-7)?
18
Suppose -3*r + 27 = -5*s, 0 = 3*r + r + 2*s - 10. Suppose 0 = 4*k - r*l - 152, -2*k - 2*l + 3*l = -77. What is the remainder when 77 is divided by k?
38
Suppose 2*c + 2*k - 33 = 1, -50 = -2*c + 2*k. Suppose -23*w + c*w = 2. Let q(p) = -47*p**3 + p**2 - p - 2. What is the remainder when q(w) is divided by 18?
11
Let q(s) = 11*s**2 + 44*s + 423. Calculate the remainder when q(-8) is divided by 256.
7
Let n = 2731 - 2223. Calculate the remainder when n is divided by 157.
37
What is the remainder when 49 is divided by ((4 - -2)/2)/(-23 - (-2106)/91)?
7
Let z = -119 - -125. Calculate the remainder when 55/(-10) + z/4 + 43 is divided by 20.
19
Let g = 548 - 365. Suppose 3*a = 10 + 14. What is the remainder when g is divided by a?
7
Suppose 60*h = -h + 19215. What is the remainder when h is divided by 20?
15
Suppose 44*d - 702 = 26*d. Suppose d = 7*g - 59. What is the remainder when 111 is divided by g?
13
Let l = -48 - -83. Suppose 16*o - 6*k = 14*o + 748, 0 = 4*o + 2*k - 1370. Calculate the remainder when o is divided by l.
32
Let c(y) = -3*y + 1377. What is the remainder when c(42) is divided by 267?
183
Let x(h) be the first derivative of 3*h**4/4 - 5*h**3/3 + h**2 + 2*h + 11. Calculate the remainder when x(4) is divided by 31.
29
Let g = -6326 + 6455. Calculate the remainder when g is divided by 24.
9
Suppose 101 = 118*w - 22201. What is the remainder when 572 is divided by w?
5
Let y(z) = z**2 - 2*z + 93. Suppose 236 - 200 = 4*a. Calculate the remainder when y(a) is divided by 32.
28
Let t(u) = u**3 - 28*u**2 + 33*u + 13. Calculate the remainder when t(28) is divided by 21.
13
Let k be (-146)/(-30) + 20/150. Suppose -k*o - 423 = -9*o - 5*d, 580 = 5*o - 4*d. What is the remainder when o is divided by 30?
22
Let j(y) = 4*y**2 + 402*y - 756. Calculate the remainder when j(-109) is divided by 148.
138
Suppose -65*f = -102*f + 4107. What is the remainder when f is divided by 19?
16
Let l = 380 - 370. Let v(s) = -s**3 + 8*s**2 + 22*s - 5. Calculate the remainder when (5 - -1)*(-58)/(-4) is divided by v(l).
12
Let l(v) = -5*v**2 + 162*v + 78. Calculate the remainder when l(32) is divided by 5.
2
Let q(z) = 5*z + 43. Let o be q(-8). Suppose o*b - 4*b = -6. Suppose 0 = 4*c - 2*y - 94, 0*y = -3*y - 3. Calculate the remainder when c is divided by b.
5
Let u = 10472 + -10174. Calculate the remainder when u is divided by 28.
18
Suppose -n + 513 = -2*o, 82*n - 1451 = 79*n - 5*o. What is the remainder when n is divided by 249?
248
Let h(p) = -p**3 - 10*p**2 - 11*p - 6. Let d be h(-9). Suppose m = 6 + d. What is the remainder when m is divided by (-22)/3*-3*(-2)/(-4)?
7
Suppose 0*r - 2*h = 2*r + 6, 2*r + 5*h + 21 = 0. Calculate the remainder when ((-66)/(-10))/(21/105) is divided by r.
1
Let v = 6751 - 5531. What is the remainder when v is divided by 22?
10
Suppose -3*l - m = 107 + 174, 5*m = l + 115. Calculate the remainder when 293 is divided by (-2)/(-12) + (l/(-6) - -5).
20
Suppose 316 = 4*p - u, 4*p + 259*u - 256*u = 300. Let h(k) = -k**3 + 5*k**2 - 1. Calculate the remainder when p is divided by h(2).
1
Let w be 248/32*28*(-2)/(-2). Let h = -178 + w. Calculate the remainder when 68 is divided by h.
29
Let i = 102 - 34. Let q = 325 + -294. Suppose 6*x = 113 + q. Calculate the remainder when i is divided by x.
20
Suppose 0 = -136*u + 5159 + 825. What is the remainder when 52 is divided by u?
8
Let m = 30988 - 29708. What is the remainder when m is divided by 462?
356
Suppose -4*d + 14 - 2 = -4*o, -2*o + 30 = 4*d. Suppose -6*c = -336 - d. What is the remainder when 207 is divided by c?
36
Suppose 4*u - 4*g = 61424, -4*g - 2205 = u - 17566. Calculate the remainder when u is divided by 40.
37
Suppose 6*d = 14*d + 8. What is the remainder when 22 is divided by (-5 + 2 - 5)/d?
6
Let k = 5931 - 3146. What is the remainder when k is divided by 7?
6
Calculate the remainder when (24/(-14))/(26/(-10010)*10) is divided by 6 + (-3 - 0) + 11.
10
Let i(a) = a**3 + 21*a**2 - a - 10. Let z(j) = -j**3 - 19*j**2 - 2*j + 15. What is the remainder when z(-19) is divided by i(-21)?
9
Suppose 8*k = 12*k - 60. Let j(s) be the second derivative of 2*s**3 + 3*s**2/2 + 7*s. Calculate the remainder when j(3) is divided by k.
9
Suppose 13839 + 3687 = 762*t. Let v(z) = z**2 - 3*z - 2. Suppose 5*r = 2*r - 21. Calculate the remainder when v(r) is divided by t.
22
Let r(l) = -l**3 + 2*l + 65. Let d(i) = i**2 + 5*i - 5. Let u be d(-6). Calculate the remainder when r(0) is divided by (5 - -16) + 2*u.
19
Let u(g) = -5*g**3 - 4*g**2 + 8*g**2 + 27*g + 2*g**3 + 4*g**2 - g**2. Calculate the remainder when u(-5) is divided by 8.
7
Suppose -185 = -3*f + 1054. Suppose 0 = 23*q - f + 160. Calculate the remainder when q is divided by 7.
4
What is the remainder when 3035 is divided by (-19 + 84/5)/((-4)/20)?
10
Let u be ((-4)/2)/(37/(-74)). Suppose 4*j + u*o = 80, 2*o = 4*j - 40 - 28. Calculate the remainder when 33 is divided by j.
15
Let k(g) = 3*g**2 + g + 1. Suppose -7*l = -66 - 60. Calculate the remainder when (3/(l/888))/2 is divided by k(2).
14
Suppose 2*u + w - 4903 = 0, -51*u - 7352 = -54*u - w. What is the remainder when u is divided by 19?
17
Let b(a) = -2*a**3 + 38*a**2 - 71*a - 88. What is the remainder when 406 is divided by b(16)?
94
Suppose -8*x + 6*x = 4. Let f be x/6*0 - -74. Let m = 86 - f. Calculate the remainder when m is divided by 7.
5
Let q = -982 - -1136. Calculate the remainder when q is divided by 14 + 2 + 2 + -6.
10
Suppose 0 = 25*p - 123 - 27. Suppose 36 = p*g - 0*g. What is the remainder when 8 is divided by g?
2
Let o(w) = -w**3 - 12*w**2 + 3*w + 55. What is the remainder when 567 is divided by o(-12)?
16
Suppose -m + 2032 = 4*o - 0*m, -1006 = -2*o - 3*m. Let t = o - 340. Suppose 0 = 8*c - 5*c - 27. Calculate the remainder when t is divided by c.
7
Suppose -2*j = j - 3*h + 3, -3*h = -12. Suppose 3890 = -14*z + 4030. What is the remainder when z is divided by j?
1
Let b be -10 + (-1 - -1) - 1. Let d = 27 + b. Let l(n) = -3*n + 21. Calculate the remainder when l(-8) is divided by d.
13
Suppose 3*w = 5*c - 25, 5*c = -4*w + 2*w. Let h be (1 - c)/(2/(-26)). Calculate the remainder when 35 is divided by -3 + h/1 - 1.
8
Let t(n) = 10*n**2 - 27*n + 57. Calculate the remainder when t(-9) is divided by 86.
78
Let q = 2296 - 2015. What is the remainder when q is divided by 69 + (3 - (1 + 0))?
68
Suppose 14043 = p - 3*m, -42103 = 300*p - 303*p - 4*m. What is the remainder when p is divided by 40?
37
Suppose -27*o + 24*o + 394 = 4*g, 0 = 3*g + o - 303. What is the remainder when 736 is divided by g?
15
Suppose 489 = 5*j + l, 3*j - l = 1054 - 775. What is the remainder when 6717 is divided by j?
93
Let y(h) = -3*h**2 - 30*h + 83. Let a(k) = 5*k**2 + 63*k - 165. Let x(n) = 4*a(n) + 7*y(n). What is the remainder when x(38) is divided by 4?
1
Let j(t) = -t**2 + 6*t + 8. Let o be j(7). What is the remainder when -6 + 8/o + -4 + 30 is divided by 10?
8
Let z(f) be the first derivative of -f**4/4 + 5*f**3/3 + 27*f**2/2 - 105*f + 128. Calculate the remainder when 72 is divided by z(5).
12
Let m(q) = q**2 + 35*q - 1173. What is the remainder when m(-59) is divided by 10?
3
Let b(r) = 3322 - 74*r + 0*r - 3387. What is the remainder when b(-4) is divided by 59?
54
Suppose u - 4*c - 92 = -4*u, u + c = 22. Let k be 9*(1 - (3 - 5)). Suppose -3*b